o base 8.
-146
55 (base 10) to base 13
43
Convert -33 (base 8) to base 2.
-11011
What is -60 (base 7) in base 4?
-222
What is 1141 (base 5) in base 13?
102
Convert -15 (base 6) to base 7.
-14
What is -13 (base 6) in base 2?
-1001
Convert 7e (base 15) to base 9.
142
Convert 18 (base 9) to base 3.
122
Convert -121 (base 4) to base 11.
-23
Convert -66 (base 10) to base 13.
-51
55 (base 11) to base 14
44
Convert -137 (base 10) to base 8.
-211
-7 (base 16) to base 4
-13
Convert 10011 (base 2) to base 8.
23
11 (base 4) to base 12
5
-1 (base 4) to base 11
-1
What is -77 (base 15) in base 6?
-304
What is -4 (base 7) in base 8?
-4
Convert 0 (base 6) to base 9.
0
What is 1111001 (base 2) in base 16?
79
-1 (base 16) to base 2
-1
Convert -546 (base 7) to base 9.
-340
Convert 10 (base 14) to base 6.
22
Convert a (base 16) to base 12.
a
Convert 1 (base 13) to base 12.
1
-9 (base 10) to base 5
-14
What is -2 (base 9) in base 12?
-2
Convert -52 (base 8) to base 6.
-110
-10 (base 8) to base 11
-8
Convert 10100111 (base 2) to base 11.
142
What is 0 (base 14) in base 5?
0
-23 (base 9) to base 8
-25
Convert -10000 (base 3) to base 12.
-69
What is 8 (base 10) in base 9?
8
101 (base 3) to base 5
20
Convert -1 (base 7) to base 6.
-1
Convert 233 (base 7) to base 13.
95
-1 (base 10) to base 15
-1
-104 (base 11) to base 16
-7d
What is -cf (base 16) in base 11?
-179
-1 (base 5) to base 8
-1
Convert 69 (base 12) to base 6.
213
What is 122 (base 14) in base 6?
1014
-11 (base 2) to base 7
-3
Convert 101 (base 3) to base 6.
14
Convert 7 (base 14) to base 7.
10
What is 12 (base 14) in base 16?
10
Convert -1112 (base 3) to base 4.
-221
Convert 23 (base 9) to base 15.
16
What is 454 (base 8) in base 2?
100101100
What is 41 (base 9) in base 15?
27
-18 (base 11) to base 8
-23
Convert 4 (base 13) to base 15.
4
What is -1 (base 8) in base 15?
-1
Convert -1110 (base 3) to base 13.
-30
Convert 133 (base 7) to base 15.
4d
Convert -20 (base 5) to base 10.
-10
-74 (base 12) to base 10
-88
1 (base 6) to base 5
1
Convert -14 (base 15) to base 5.
-34
Convert 1 (base 15) to base 9.
1
What is -1a (base 12) in base 2?
-10110
Convert 168 (base 12) to base 9.
268
What is 9 (base 12) in base 3?
100
5a (base 11) to base 12
55
What is -1 (base 9) in base 6?
-1
-4 (base 6) to base 15
-4
29 (base 11) to base 6
51
What is 17 (base 10) in base 15?
12
What is 1101 (base 2) in base 15?
d
What is 5 (base 10) in base 3?
12
What is 3 (base 11) in base 6?
3
4 (base 11) to base 5
4
Convert -26 (base 9) to base 5.
-44
Convert 0 (base 14) to base 6.
0
Convert -15 (base 6) to base 2.
-1011
3202 (base 4) to base 5
1401
Convert 32 (base 13) to base 16.
29
What is 24 (base 11) in base 6?
42
What is -13 (base 11) in base 7?
-20
-2 (base 12) to base 9
-2
What is -11 (base 3) in base 15?
-4
Convert 130 (base 10) to base 12.
aa
-120 (base 4) to base 2
-11000
What is -21 (base 9) in base 8?
-23
Convert -63 (base 7) to base 16.
-2d
Convert -69 (base 14) to base 7.
-162
Convert -3 (base 4) to base 5.
-3
Convert -2 (base 10) to base 13.
-2
What is 14 (base 9) in base 4?
31
What is -2 (base 11) in base 9?
-2
What is 101 (base 4) in base 14?
13
What is 8 (base 14) in base 16?
8
What is -22 (base 5) in base 11?
-11
What is 3 (base 7) in base 14?
3
-273 (base 8) to base 13
-115
What is 141 (base 6) in base 3?
2021
What is 85 (base 10) in base 4?
1111
-1 (base 7) to base 14
-1
20 (base 16) to base 5
112
Convert 9a (base 14) to base 15.
91
What is 174 (base 11) in base 3?
21111
4 (base 13) to base 3
11
-1220 (base 3) to base 8
-63
-12 (base 6) to base 7
-11
What is 26 (base 7) in base 8?
24
Convert 39 (base 15) to base 6.
130
What is -4 (base 6) in base 14?
-4
Convert -6 (base 10) to base 11.
-6
23 (base 7) to base 16
11
What is 7 (base 10) in base 15?
7
Convert -112 (base 3) to base 12.
-12
Convert -4 (base 11) to base 8.
-4
What is -47 (base 10) in base 11?
-43
Convert 38 (base 14) to base 16.
32
What is 2 (base 9) in base 11?
2
-22 (base 7) to base 10
-16
What is 20 (base 14) in base 10?
28
Convert 1201 (base 4) to base 9.
117
-10 (base 5) to base 14
-5
What is -132 (base 6) in base 4?
-320
Convert -12 (base 5) to base 6.
-11
What is -46 (base 12) in base 3?
-2000
3 (base 7) to base 3
10
0 (base 7) to base 16
0
What is -ad (base 14) in base 8?
-231
-12 (base 15) to base 13
-14
Convert -1 (base 12) to base 9.
-1
Convert -46 (base 9) to base 11.
-39
-8 (base 9) to base 2
-1000
Convert 13 (base 14) to base 15.
12
What is 321 (base 6) in base 15?
81
What is -1001 (base 2) in base 10?
-9
-5 (base 11) to base 15
-5
What is 8 (base 15) in base 6?
12
2 (base 6) to base 3
2
Convert 1 (base 16) to base 8.
1
3200 (base 4) to base 3
22022
What is 52 (base 11) in base 9?
63
What is 3 (base 10) in base 11?
3
3 (base 8) to base 15
3
Convert -43 (base 13) to base 9.
-61
Convert 11012 (base 3) to base 2.
1110001
-45 (base 6) to base 2
-11101
What is 2 (base 14) in base 11?
2
-122 (base 4) to base 5
-101
What is 1b (base 15) in base 7?
35
31 (base 6) to base 9
21
What is 3 (base 11) in base 13?
3
Convert 2b (base 12) to base 9.
38
Convert 22 (base 7) to base 14.
12
Convert 2c (base 13) to base 9.
42
What is -3 (base 14) in base 16?
-3
14 (base 7) to base 13
b
What is -2031 (base 5) in base 2?
-100001010
What is 1 (base 6) in base 14?
1
12 (base 13) to base 15
10
Convert -215 (base 6) to base 11.
-76
What is 110111 (base 2) in base 3?
2001
2 (base 14) to base 2
10
-21 (base 11) to base 14
-19
Convert 71 (base 9) to base 14.
48
Convert -27 (base 9) to base 7.
-34
Convert -5 (base 12) to base 10.
-5
Convert 0 (base 6) to base 14.
0
Convert -51 (base 14) to base 16.
-47
Convert 1 (base 3) to base 15.
1
What is 12 (base 6) in base 9?
8
What is -d (base 14) in base 5?
-23
Convert 2 (base 12) to base 11.
2
Convert -1 (base 6) to base 13.
-1
What is -21 (base 9) in base 12?
-17
4 (base 7) to base 15
4
What is 250 (base 7) in base 9?
157
What is -1 (base 10) in base 13?
-1
What is 1022 (base 3) in base 11?
32
-553 (base 7) to base 16
-11b
Convert 11 (base 16) to base 5.
32
What is -105 (base 6) in base 2?
-101001
1a (base 12) to base 5
42
3 (base 16) to base 7
3
Convert 10 (base 3) to base 10.
3
What is -4 (base 10) in base 5?
-4
45 (base 10) to base 13
36
Convert 27 (base 12) to base 15.
21
5 (base 11) to base 15
5
81 (base 13) to base 6
253
1222 (base 3) to base 12
45
What is -222 (base 8) in base 7?
-266
-1033 (base 4) to base 6
-211
What is -99 (base 11) in base 4?
-1230
-17 (base 14) to base 10
-21
What is 2 (base 15) in base 3?
2
1f (base 16) to base 7
43
6 (base 9) to base 12
6
Convert 328 (base 9) to base 3.
100222
11 (base 3) to base 14
4
0 (base 11) to base 16
0
What is -52 (base 9) in base 12?
-3b
232 (base 5) to base 12
57
What is 20 (base 13) in base 8?
32
What is 106 (base 7) in base 11?
50
Convert 26 (base 16) to base 4.
212
-52 (base 14) to base 8
-110
What is 11110010 (base 2) in base 7?
464
What is -15 (base 14) in base 13?
-16
33 (base 7) to base 14
1a
Convert -6 (base 12) to base 2.
-110
Convert -50 (base 13) to base 8.
-101
Convert -110 (base 2) to base 11.
-6
Convert -6 (base 13) to base 10.
-6
Convert 0 (base 4) to base 7.
0
-3 (base 6) to base 8
-3
-12 (base 5) to base 9
-7
-444 (base 6) to base 4
-2230
Convert -204 (base 5) to base 15.
-39
Convert -12 (base 3) to base 4.
-11
-2 (base 12) to base 11
-2
What is -5 (base 11) in base 5?
-10
What is -2 (base 10) in base 3?
-2
What is -117 (base 10) in base 5?
-432
Convert -11 (base 3) to base 4.
-10
Convert -be (base 16) to base 10.
-190
What is 7 (base 15) in base 13?
7
-1 (base 12) to base 3
-1
165 (base 9) to base 10
140
0 (base 9) to base 11
0
What is 4 (base 8) in base 11?
4
Convert 47 (base 9) to base 12.
37
What is 102 (base 4) in base 6?
30
What is 1 (base 16) in base 5?
1
Convert 14 (base 14) to base 2.
10010
What is 12 (base 8) in base 3?
101
Convert 76 (base 8) to base 10.
62
Convert -1 (base 5) to base 6.
-1
What is -28 (base 13) in base 12?
-2a
Convert -10220 (base 3) to base 11.
-96
-125 (base 7) to base 2
-1000100
What is -1012 (base 6) in base 8?
-340
What is -21 (base 3) in base 12?
-7
Convert 7 (base 15) to base 4.
13
What is -1002 (base 3) in base 14?
-21
-1 (base 15) to base 4
-1
Convert 1 (base 9) to base 16.
1
What is 7f (base 16) in base 12?
a7
What is 